{"id":95,"date":"2025-09-26T08:13:43","date_gmt":"2025-09-26T08:13:43","guid":{"rendered":"http:\/\/www.hakone-symposium.org\/?page_id=95"},"modified":"2026-04-21T07:03:02","modified_gmt":"2026-04-21T07:03:02","slug":"isc","status":"publish","type":"page","link":"https:\/\/www.hakone-symposium.org\/index.php\/isc\/","title":{"rendered":"International Scientific Committee"},"content":{"rendered":"\t\t<div data-elementor-type=\"wp-page\" data-elementor-id=\"95\" class=\"elementor elementor-95\">\n\t\t\t\t<div class=\"elementor-element elementor-element-29c94f20 e-flex e-con-boxed e-con e-parent\" data-id=\"29c94f20\" data-element_type=\"container\" data-e-type=\"container\">\n\t\t\t\t\t<div class=\"e-con-inner\">\n\t\t\t\t<div class=\"elementor-element elementor-element-19703712 elementor-widget elementor-widget-text-editor\" data-id=\"19703712\" data-element_type=\"widget\" data-e-type=\"widget\" data-widget_type=\"text-editor.default\">\n\t\t\t\t\t\t\t\t\t<p>The International Scientific Committee of the Hakone conference is chaired by Ronny Brandenburg and composed of researchers from the community.<\/p>\n<p><!-- \/wp:paragraph --><!-- wp:table {\"className\":\"is-style-regular\"} --><\/p>\n<figure>\n<table>\n<tbody>\n<tr>\n<td><img fetchpriority=\"high\" decoding=\"async\" src=\"https:\/\/www.hakone-symposium.org\/wp-content\/uploads\/2026\/03\/image-e1774941043368-244x300.jpeg\" alt=\"\" width=\"244\" height=\"300\" \/><\/td>\n<td>\n<p><strong>Ronny Brandenburg<br \/><\/strong> <em>Professor<\/em><br \/><em>Leibniz Institute for Plasma Science and Technology\u00a0and University of Rostock (Germany)<\/em><\/p>\n<p>\u00a0<\/p>\n<\/td>\n<td>chairman of the ISC<\/td>\n<td><span style=\"font-size: 16px; caret-color: #000000; color: #000000; font-family: Helvetica;\">electrical breakdown and plasma chemistry in nonthermal plasmas, plasma diagnostics, environmental applications and gas conversion technologies<\/span><\/td>\n<\/tr>\n<tr>\n<td><img decoding=\"async\" style=\"width: 150px;\" src=\"https:\/\/www.hakone-symposium.org\/wp-content\/uploads\/2025\/12\/hoder-foto-e1765729912999.jpeg\" alt=\"\" \/><\/td>\n<td>\n<p><strong>Tom\u00e1\u0161 Hoder<br \/><\/strong><em>Professor<\/em><br \/><em>Masaryk University (Czechia) and Leibniz Institute for plasma Science and Technology (Germany)<\/em><\/p>\n<\/td>\n<td>administration of the Ulrich Kogelschatz Lecture Award<\/td>\n<td>low temperature plasma physics and chemistry, optical emission spectroscopy, linking experiment and modelling<\/td>\n<\/tr>\n<tr>\n<td>\u00a0<\/td>\n<td><strong>Indrek J\u00f5gi<\/strong><\/td>\n<td>\u00a0<\/td>\n<td>\u00a0<\/td>\n<\/tr>\n<tr>\n<td><img decoding=\"async\" style=\"width: 150px;\" src=\"https:\/\/www.hakone-symposium.org\/wp-content\/uploads\/2025\/11\/Kocik-Marek-2-scaled.jpg\" alt=\"\" \/><\/td>\n<td><strong>Marek Kocik<\/strong><br \/><em>Associate Professor<br \/>Institute of Fluid Flow Machinery &#8211; Polish Academy of Sciences (Poland)<\/em><\/td>\n<td>\u00a0<\/td>\n<td>laser spectroscopy, diagnostics of non-thermal plasma, electrostatic precipitator diagnostics, electro-hydrodynamic flows, and laser applications in micromachining<\/td>\n<\/tr>\n<tr>\n<td><img decoding=\"async\" src=\"https:\/\/www.hakone-symposium.org\/wp-content\/uploads\/2025\/12\/Naude.jpeg\" alt=\"\" width=\"225\" height=\"300\" \/><\/td>\n<td><strong>Nicolas Naud\u00e9<\/strong><br \/><em>Associate Professor <br \/>LAPLACE &#8211; Universit\u00e9 de Toulouse (France)<\/em><\/td>\n<td>webmaster<\/td>\n<td>diffuse dbd, electrical and optical diagnostics temporally and spatially resolved, thin film coating<\/td>\n<\/tr>\n<tr>\n<td><img decoding=\"async\" style=\"width: 150px;\" src=\"https:\/\/www.hakone-symposium.org\/wp-content\/uploads\/2025\/11\/Nijdam_19931108_TN_PO_VH_1701_small.jpg\" alt=\"\" \/><\/td>\n<td><strong>Sander Nijdam<\/strong><br \/><em>Professor<br \/>Eindhoven University of Technology<\/em><\/td>\n<td>\u00a0<\/td>\n<td>experimental streamer physics, imaging, laser diagnostics and lightning<\/td>\n<\/tr>\n<tr>\n<td>\u00a0<\/td>\n<td><strong>Ester Marotta<\/strong><\/td>\n<td>\u00a0<\/td>\n<td>\u00a0<\/td>\n<\/tr>\n<tr>\n<td>\u00a0<\/td>\n<td><strong>\u0160tefan Matej\u010d\u00edk<\/strong><\/td>\n<td>\u00a0<\/td>\n<td>\u00a0<\/td>\n<\/tr>\n<tr>\n<td><img decoding=\"async\" class=\"alignnone size-medium wp-image-1140\" src=\"https:\/\/www.hakone-symposium.org\/wp-content\/uploads\/2026\/04\/image-e1776754632202-265x300.png\" alt=\"\" width=\"265\" height=\"300\" \/><\/td>\n<td><strong>Deborah O\u2019Connell<br \/><\/strong><em>Full Professor<br \/>School of Physical Sciences &#8211;\u00a0<br \/>Dublin City University (Ireland)<\/em><strong><br \/><\/strong><\/td>\n<td>\u00a0<\/td>\n<td>\u00a0<\/td>\n<\/tr>\n<tr>\n<td><img decoding=\"async\" style=\"width: 150px;\" src=\"https:\/\/www.hakone-symposium.org\/wp-content\/uploads\/2025\/12\/Osawa-rotated.jpg\" alt=\"\" \/><\/td>\n<td><b>Naoki Osawa<\/b><br \/><i>Professor<br \/>Kanazawa Institute of Technology<\/i> <em>(Japan)<\/em><\/td>\n<td>\u00a0<\/td>\n<td>\u00a0diffuse dbd, ozone generation, electrical and surface potential diagnostics<\/td>\n<\/tr>\n<tr>\n<td>\u00a0<\/td>\n<td><strong>Yi-Kang Pu<\/strong><\/td>\n<td>\u00a0<\/td>\n<td>\u00a0<\/td>\n<\/tr>\n<tr>\n<td><img loading=\"lazy\" decoding=\"async\" src=\"https:\/\/www.hakone-symposium.org\/wp-content\/uploads\/2026\/02\/Stryczewska-Henryka-Danuta-300px-288x300.jpg\" alt=\"\" width=\"288\" height=\"300\" \/><\/td>\n<td>\n<p><strong>Henryka Danuta Stryczewska<br \/><\/strong><em>Professor<br \/><\/em><em>Lublin University of Technology (Poland)<\/em><\/p>\n<\/td>\n<td>\u00a0<\/td>\n<td>processes and devices for generating non-thermal plasma; air, water and soil<br \/>treatment using ozone and advanced oxidation processes; biotechnological and<br \/>environmental applications of non-thermal plasma; plasma reactors power supply<br \/>system<\/td>\n<\/tr>\n<tr>\n<td>\u00a0<\/td>\n<td><strong>Fumiyoshi Tochikubo<\/strong><\/td>\n<td>\u00a0<\/td>\n<td>\u00a0<\/td>\n<\/tr>\n<\/tbody>\n<\/table>\n<\/figure>\n<p><!-- \/wp:table --><!-- wp:paragraph --><!-- \/wp:paragraph --><!-- wp:paragraph --><!-- \/wp:paragraph --><!-- wp:paragraph --><\/p>\n<p><!-- \/wp:paragraph --><!-- wp:paragraph --><\/p>\n<p><!-- \/wp:paragraph --><!-- wp:paragraph --><\/p>\n<p><!-- \/wp:paragraph --><!-- wp:paragraph --><\/p>\n<p>\u00a0<\/p>\n<p><!-- \/wp:paragraph --><!-- wp:paragraph --><\/p>\n<p><!-- \/wp:paragraph --><!-- wp:paragraph --><\/p>\n<p><!-- \/wp:paragraph --><!-- wp:paragraph --><\/p>\n<p><!-- \/wp:paragraph --><\/p>\t\t\t\t\t\t\t\t<\/div>\n\t\t\t\t\t<\/div>\n\t\t\t\t<\/div>\n\t\t\t\t<\/div>\n\t\t","protected":false},"excerpt":{"rendered":"<p>The International Scientific Committee of the Hakone conference is chaired by Ronny Brandenburg and composed of researchers from the community. Ronny Brandenburg ProfessorLeibniz Institute for Plasma Science and Technology\u00a0and University of Rostock (Germany) \u00a0 chairman of the ISC electrical breakdown and plasma chemistry in nonthermal plasmas, plasma diagnostics, environmental applications and gas conversion technologies Tom\u00e1\u0161 &hellip; <\/p>\n","protected":false},"author":1,"featured_media":0,"parent":0,"menu_order":0,"comment_status":"closed","ping_status":"closed","template":"elementor_header_footer","meta":{"footnotes":""},"class_list":["post-95","page","type-page","status-publish","hentry"],"_links":{"self":[{"href":"https:\/\/www.hakone-symposium.org\/index.php\/wp-json\/wp\/v2\/pages\/95","targetHints":{"allow":["GET"]}}],"collection":[{"href":"https:\/\/www.hakone-symposium.org\/index.php\/wp-json\/wp\/v2\/pages"}],"about":[{"href":"https:\/\/www.hakone-symposium.org\/index.php\/wp-json\/wp\/v2\/types\/page"}],"author":[{"embeddable":true,"href":"https:\/\/www.hakone-symposium.org\/index.php\/wp-json\/wp\/v2\/users\/1"}],"replies":[{"embeddable":true,"href":"https:\/\/www.hakone-symposium.org\/index.php\/wp-json\/wp\/v2\/comments?post=95"}],"version-history":[{"count":41,"href":"https:\/\/www.hakone-symposium.org\/index.php\/wp-json\/wp\/v2\/pages\/95\/revisions"}],"predecessor-version":[{"id":1143,"href":"https:\/\/www.hakone-symposium.org\/index.php\/wp-json\/wp\/v2\/pages\/95\/revisions\/1143"}],"wp:attachment":[{"href":"https:\/\/www.hakone-symposium.org\/index.php\/wp-json\/wp\/v2\/media?parent=95"}],"curies":[{"name":"wp","href":"https:\/\/api.w.org\/{rel}","templated":true}]}}